 c(f) = 3 + 6 + f - 1. What are the prime factors of c(r)?
2
Let x(z) = z**3 - 5*z**2 + 4*z. Let i be x(4). Let r = i - -2. List the prime factors of r.
2
Let d be (1 + (-6)/9)*147. Suppose 0 = -w - 3*w + 5*i + 64, -3*w + 4*i = -d. List the prime factors of w.
11
Suppose -14*n - 1494 = -20*n. List the prime factors of n.
3, 83
Suppose 3*p = -12, 3*p + 2*p + 100 = 2*g. List the prime factors of g.
2, 5
Let u(k) = k**3 + 9*k**2 - 2*k - 16. List the prime factors of u(-9).
2
Let a(k) = k**2 - 8*k - 9. Let m be a(11). Suppose z - 18 + 2 = -5*v, 3*v + m = 5*z. What are the prime factors of z?
2, 3
Let z(i) = 6*i + 3. Let v be z(-2). Let s = v - -14. What are the prime factors of s?
5
Let w(v) = 3*v**2 - 3*v + 2. Let f be w(2). Let k = 27 - f. What are the prime factors of k?
19
Let o(r) = r + 2. Let k be o(4). Suppose 2*t - 21 = 3*i, k*i + 16 = -3*t + i. Suppose 3*q = -t*a + 7*a + 13, 3*q - 25 = -2*a. What are the prime factors of q?
7
Suppose 0*j - 29 = -j. What are the prime factors of j?
29
Let m(s) = 3*s**2 - 2*s - 1. Suppose 4*b + q = 3 + 1, b + 2*q - 8 = 0. Suppose 3*i + 3*x - 19 = 5*i, b = 3*i + 3*x - 9. What are the prime factors of m(i)?
3, 5
Let y(w) = 3*w + 3*w + w + 1. What are the prime factors of y(5)?
2, 3
Let f = 10 - 10. Suppose -2*q + 0*q + 5*m - 7 = f, -5*m = -15. Let z = 17 - q. What are the prime factors of z?
13
Suppose 3*f - f + 2*d = 4, 5*f + 3*d - 6 = 0. Let w = -2 + f. Let a(y) = -y**3 - y. List the prime factors of a(w).
2, 5
Let m be ((-12)/(-20))/((-2)/(-10)). Suppose -t - 4*f + 14 = 0, -4 = -t - 3*t - m*f. What are the prime factors of 20/8 - 1/t?
3
Let n = -137 + 263. List the prime factors of n.
2, 3, 7
Let h(m) = m**2 - 11*m + 16. What are the prime factors of h(12)?
2, 7
Let o(j) = 2*j + 2 - j + 1. What are the prime factors of o(0)?
3
Let v(u) be the third derivative of -u**4/8 - u**3/3 + 3*u**2. Let b be v(-2). Let d(q) = q**3 - 4*q**2 + 3*q + 1. What are the prime factors of d(b)?
13
Let t be 1*(-3 - (-3)/(-3)). Let r be (-4)/(-6)*(-30)/t. Suppose r*f = 4*m - 45, 3*m = -2*m + f + 30. What are the prime factors of m?
5
Let g(z) = 6*z + 1. Let c be g(4). Let f(k) = 14*k**2 - k - 1. Let q be f(-1). Let j = c - q. List the prime factors of j.
11
Let c(k) = 7*k + 2. Let d(g) = 8*g + 2. Let t(x) = -7*c(x) + 6*d(x). Let o(j) = 2*j - 3. Let n be o(-3). What are the prime factors of t(n)?
7
Suppose 3*d - b - 723 = 0, -3*b - 729 = -3*d - 4*b. List the prime factors of d.
2, 11
Suppose 0 = 3*a - a - 4. Suppose -s + 0*s = -4*b - 9, -15 = -a*s + 5*b. Let u = 10 - s. What are the prime factors of u?
5
Let y(a) = a**2 + 6*a. Let q be y(-6). Let n be q/(((-9)/3)/3). Suppose 3*m - 4*g + 2 = 0, -4*m + 5*g - 2 + 0 = n. What are the prime factors of m?
2
Let k(d) = -4*d + 10. What are the prime factors of k(-10)?
2, 5
Suppose 5*k + 42 = 2*k. Let q = 20 - k. List the prime factors of q.
2, 17
Let n(t) be the second derivative of t**5/40 - t**4/24 - 2*t**3/3 + 4*t. Let w(v) be the second derivative of n(v). List the prime factors of w(1).
2
What are the prime factors of 122/2 + 4/(-4)?
2, 3, 5
Let f be -10 + 5/(15/(-6)). Let y be (-80)/f - 4/6. Suppose -2 = -p + y. List the prime factors of p.
2
Let w(s) = s**3 + s**2 - 4*s + 7. What are the prime factors of w(3)?
31
Suppose 0 = -5*w, -29 = 2*k + 4*w - 169. What are the prime factors of k?
2, 5, 7
Let r = 90 - 74. List the prime factors of r.
2
Let p be 55/3 + (-5)/15. Let b = -9 + p. What are the prime factors of (-3)/b*(-15 - 0)?
5
Suppose 4*y = 4*x - 0*y - 76, -x = 5*y - 49. List the prime factors of x.
2, 3
Suppose 4*w - 78 - 14 = 0. What are the prime factors of w?
23
Let w(k) = 1 + 0 + k**2 - 2 - 2*k. Let u be w(-1). Suppose -4*m - 3*b = -51, -5*m = u*b + 2*b - 65. List the prime factors of m.
3
Let n = 13 - 3. What are the prime factors of n?
2, 5
Let h(g) be the third derivative of g**5/60 + 5*g**4/24 + 13*g**3/6 - 2*g**2. What are the prime factors of h(-7)?
3
Let l = 26 + -14. List the prime factors of l.
2, 3
Suppose 0*f + 3*f + 123 = 0. Let q = -26 - f. What are the prime factors of q?
3, 5
Let n = 10 + 40. List the prime factors of n.
2, 5
Let l(v) = -v**3 - v**2 + 3. Let u be l(0). Suppose 3*w - 3*p = w - 5, w + 4*p = u. List the prime factors of w/(((-15)/6)/5).
2
Let x = -10 - -6. Let o = 30 - 19. Let v = o + x. List the prime factors of v.
7
Suppose -4*m - x = -45, 4*m - 32 = 3*x + 25. Suppose 0 = 4*y + m - 84. List the prime factors of y.
2, 3
Let i(j) = -2*j + 7 - 2*j + 3*j. Let g(r) = r**2 + 5*r - 1. Let y be g(-6). List the prime factors of i(y).
2
Let q(h) = 2*h**2 - 27*h + 10. List the prime factors of q(17).
3, 43
Let s = 10 - 6. Suppose -26 = 3*z + 64. What are the prime factors of (6/(-5))/(s/z)?
3
Suppose -3*h + 200 = 2*k - 66, -5*h - 4*k + 444 = 0. List the prime factors of h.
2, 11
Suppose 9*b - 145 = 4*b. What are the prime factors of b?
29
Suppose -4*w + 356 = -0*w. Suppose -5*n + w = -26. List the prime factors of n.
23
Let n(r) = r**3 - r. Let v be n(0). Suppose 0 = 3*u + 15, -4*a + 2*u + 3 + 3 = v. List the prime factors of (a + 4)*1 - 1.
2
Let x(i) = -i**3 + 3*i**2 + 2*i + 1. Suppose -4*j = 4*r - 40, -3*j + 2*r = r - 14. Suppose 2*g - 7 = -2*p + 1, 0 = -g - 3*p + j. List the prime factors of x(g).
7
Let o(a) = a + 19. Let k be o(-16). Let z be (4/6)/(-1)*18. What are the prime factors of 10/k*(-54)/z?
3, 5
Let n(v) = 2 - 2 + 11 - 2*v. List the prime factors of n(-9).
29
Let q = -435 - -752. List the prime factors of q.
317
What are the prime factors of (516/(-16))/((-15)/20)?
43
Let q = 14 - 10. Suppose -15 = q*c - 55. What are the prime factors of c?
2, 5
Suppose -1 = g - 2. Let x be 2*g/(-2)*-2. Suppose -2*o - x*o = -5*j - 60, 5*o - 4*j - 75 = 0. List the prime factors of o.
3, 5
Let n = -31 + 39. List the prime factors of n.
2
Let s be (-8 - -2)*(-3)/2. Let m = -7 + s. What are the prime factors of m?
2
Let l(n) = 5*n**2 - n - 1. Suppose 2*b = 7*b + 10. Let x be l(b). Let a = x + -12. What are the prime factors of a?
3
Let u = 39 - 24. Let p = u + -3. What are the prime factors of p?
2, 3
Let m be (-1 + 8 - 1)*1. Suppose m*t = 3*t. What are the prime factors of 0/(t - 1) - -10?
2, 5
Let t(s) be the second derivative of s**5/20 - 7*s**4/12 + s**3/3 - s**2/2 - 4*s. Suppose 4*q = 4*o + 40, 6*o = -2*q + o - 1. List the prime factors of t(q).
13
List the prime factors of 2*20/(-6)*147/(-4).
5, 7
Suppose -5 = -v - 0. What are the prime factors of v?
5
Let l be (-4)/(-6) - 13/(-3). Suppose -l*b + 10 = -2*z, 3*b - 7 = 5*b - 3*z. Suppose -3*s - 3*i = -b*s + 6, 1 = i. List the prime factors of s.
3
Let w(o) = -o**3 + 14*o**2 - 12*o + 9. Let u be w(13). Let n be 72*((-4)/(-6) - 0). Suppose -u = -5*m + n. List the prime factors of m.
2, 7
Let a be (-4)/16 - (-82)/8. Let x(t) = t**3 + 4*t**2 - 9*t - 2. Let l be x(-6). What are the prime factors of (-8)/l - (-66)/a?
7
Suppose -5*g + 1107 = -l - l, 2*g - 450 = -l. What are the prime factors of g?
223
Let h = 135 + -231. What are the prime factors of (4/6)/((-4)/h)?
2
Suppose -3*z + 6*z = 6. Suppose -z*g + g = -16. What are the prime factors of g?
2
Suppose -f - 2*y = -62, 4*y + 12 = -0*y. Suppose -3*x + 2*o + f = 0, x - 3*o - 11 = -0*x. List the prime factors of x.
2, 13
Suppose 116 = 4*c - 4*d, 0*c - 4*c = 4*d - 108. What are the prime factors of c?
2, 7
Suppose 3*w + 2*n + 15 - 36 = 0, -4*w + 3*n + 45 = 0. Let d = 2 + 5. Suppose 0 = 2*k - w - d. List the prime factors of k.
2
Let d = -25 - -16. List the prime factors of d/(0 - 2/4).
2, 3
Let h = 87 + -55. Suppose t = -5*s + h, -5*t + 68 = 5*s - 3*s. What are the prime factors of t?
2, 3
Suppose 4*y = -5*m + 3*m + 104, -m = 4*y - 44. Suppose 3*w = -w + m. What are the prime factors of w?
3, 5
Suppose q = -5*c + 20, 0 = -4*q + 4*c - 5*c + 118. Let k = -9 + q. List the prime factors of k.
3, 7
Let v = -1 - -1. Suppose v = b - 5*b + 36. List the prime factors of b.
3
Let x(v) = -v**3 + 5*v**2 + 8*v + 5. Let f be x(6). Suppose 4*s - 4*o = 16, o - f + 1 = -3*s. Suppose -s*a + 107 = 17. What are the prime factors of a?
2, 3
Let m(l) = -l**2 - 12*l. Let j be m(-12). Suppose -h - 3*h + 76 = j. List the prime factors of h.
19
List the prime factors of (-1)/((-492)/(-124) - 4).
31
What are the prime factors of (-1 - (-265)/(-15))*-3?
2, 7
Let g be (-40)/(-12)*6/4. 